{"id":38,"date":"2020-11-12T11:43:52","date_gmt":"2020-11-12T11:43:52","guid":{"rendered":"http:\/\/www.enars.com.tr\/?page_id=38"},"modified":"2025-04-05T06:58:36","modified_gmt":"2025-04-05T06:58:36","slug":"hakkimizda","status":"publish","type":"page","link":"https:\/\/www.enars.com.tr\/?page_id=38","title":{"rendered":"Hakk\u0131m\u0131zda"},"content":{"rendered":"\n<p>Hakk\u0131m\u0131zda<br>Enars End\u00fcstriyel Ar\u0131tma Sistemleri, Denizli\u2019de faaliyete ba\u015flam\u0131\u015f olup, at\u0131ksu ar\u0131tma tesislerinin kurulumu, i\u015fletimi ve ilgili ekipman temini konular\u0131nda hizmet vermektedir. Ayr\u0131ca, \u00e7evre dan\u0131\u015fmanl\u0131k hizmetleri sunan firmam\u0131z, her ge\u00e7en g\u00fcn hizmet alan\u0131n\u0131 geni\u015fletmekte ve her biriminde uzman kadrosuyla hizmet kalitesini s\u00fcrekli olarak art\u0131rmay\u0131 hedeflemektedir. \u00c7evre ve \u015eehircilik Bakanl\u0131\u011f\u0131 taraf\u0131ndan verilen yetki belgesine sahip olan firmam\u0131z, sekt\u00f6rdeki 27 y\u0131ll\u0131k birikimini, konusunda uzman m\u00fchendis kadrosu ile T\u00fcrkiye\u2019nin her noktas\u0131na en h\u0131zl\u0131, g\u00fcvenilir ve do\u011fru \u015fekilde aktarmaya devam etmektedir.<br>Misyonumuz<br>Mesleki etiklere uygun, \u00e7evreye duyarl\u0131 yat\u0131r\u0131mlar ger\u00e7ekle\u015ftiren, s\u00fcrekli ara\u015ft\u0131rma ve geli\u015ftirme faaliyetleri y\u00fcr\u00fcten, tecr\u00fcbeli ve dinamik bir firmay\u0131z.<br>Vizyonumuz<br>Do\u011fal dengenin korunmas\u0131 ad\u0131na \u00f6nemli projelere imza atarak, kamuoyunu bilin\u00e7lendiren ve sekt\u00f6r\u00fcnde lider bir firma olmay\u0131 ama\u00e7l\u0131yoruz.<br>De\u011ferlerimiz<br>\u2022 Daima en iyisi olmaya \u00e7al\u0131\u015fmak,<br>\u2022 \u0130\u015f ahlak\u0131m\u0131z\u0131 ve d\u00fcr\u00fcstl\u00fc\u011f\u00fcm\u00fcz\u00fc en \u00fcst seviyede tutmak,<br>\u2022 Ger\u00e7ekle\u015ftirdi\u011fimiz projelerle gelece\u011fe katk\u0131da bulunmak.<\/p>\n","protected":false},"excerpt":{"rendered":"<p>Hakk\u0131m\u0131zdaEnars End\u00fcstriyel Ar\u0131tma Sistemleri, Denizli\u2019de faaliyete ba\u015flam\u0131\u015f olup, at\u0131ksu ar\u0131tma tesislerinin kurulumu, i\u015fletimi ve ilgili ekipman temini konular\u0131nda hizmet vermektedir. Ayr\u0131ca, \u00e7evre dan\u0131\u015fmanl\u0131k hizmetleri sunan firmam\u0131z, her ge\u00e7en g\u00fcn hizmet alan\u0131n\u0131 geni\u015fletmekte ve her biriminde uzman kadrosuyla hizmet kalitesini s\u00fcrekli &hellip; <a href=\"https:\/\/www.enars.com.tr\/?page_id=38\">Devam\u0131<\/a><\/p>\n","protected":false},"author":1,"featured_media":0,"parent":0,"menu_order":0,"comment_status":"closed","ping_status":"closed","template":"","meta":{"kt_blocks_editor_width":""},"_links":{"self":[{"href":"https:\/\/www.enars.com.tr\/index.php?rest_route=\/wp\/v2\/pages\/38"}],"collection":[{"href":"https:\/\/www.enars.com.tr\/index.php?rest_route=\/wp\/v2\/pages"}],"about":[{"href":"https:\/\/www.enars.com.tr\/index.php?rest_route=\/wp\/v2\/types\/page"}],"author":[{"embeddable":true,"href":"https:\/\/www.enars.com.tr\/index.php?rest_route=\/wp\/v2\/users\/1"}],"replies":[{"embeddable":true,"href":"https:\/\/www.enars.com.tr\/index.php?rest_route=%2Fwp%2Fv2%2Fcomments&post=38"}],"version-history":[{"count":2,"href":"https:\/\/www.enars.com.tr\/index.php?rest_route=\/wp\/v2\/pages\/38\/revisions"}],"predecessor-version":[{"id":2036,"href":"https:\/\/www.enars.com.tr\/index.php?rest_route=\/wp\/v2\/pages\/38\/revisions\/2036"}],"wp:attachment":[{"href":"https:\/\/www.enars.com.tr\/index.php?rest_route=%2Fwp%2Fv2%2Fmedia&parent=38"}],"curies":[{"name":"wp","href":"https:\/\/api.w.org\/{rel}","templated":true}]}}