{"id":37,"date":"2020-11-12T11:43:52","date_gmt":"2020-11-12T11:43:52","guid":{"rendered":"http:\/\/www.enars.com.tr\/?page_id=37"},"modified":"2025-05-06T13:15:55","modified_gmt":"2025-05-06T13:15:55","slug":"projelerimiz","status":"publish","type":"page","link":"https:\/\/www.enars.com.tr\/?page_id=37","title":{"rendered":"Hizmetlerimiz"},"content":{"rendered":"\n<p><\/p>\n\n\n<style id=\"kb-rowlayout_14b567-71\">#kt-layout-id_14b567-71 .kt-row-layout-bottom-sep{height:101px;}#kt-layout-id_14b567-71 > .kt-row-column-wrap{padding-top:0px;padding-bottom:0px;padding-left:0px;padding-right:0px;}<\/style>\n<div class=\"wp-block-kadence-rowlayout alignnone\"><div id=\"kt-layout-id_14b567-71\" class=\"kt-row-layout-inner kt-layout-id_14b567-71\"><div class=\"kt-row-column-wrap kt-has-4-columns kt-gutter-none kt-v-gutter-default kt-row-valign-top kt-row-layout-equal kt-tab-layout-inherit kt-m-colapse-left-to-right kt-mobile-layout-row\">\n<div class=\"wp-block-kadence-column inner-column-1 kadence-column_b0aae8-20\"><div class=\"kt-inside-inner-col\"><style id=\"kb-rowlayout_210225-b2\">#kt-layout-id_210225-b2{background-color:#1d9dcd;}#kt-layout-id_210225-b2 > .kt-row-column-wrap{padding-bottom:20px;padding-left:40px;padding-right:40px;min-height:500px;}<\/style>\n<div class=\"wp-block-kadence-rowlayout alignnone\"><div id=\"kt-layout-id_210225-b2\" class=\"kt-row-layout-inner kt-row-has-bg kt-layout-id_210225-b2\"><div class=\"kt-row-column-wrap kt-has-1-columns kt-gutter-default kt-v-gutter-default kt-row-valign-middle kt-row-layout-equal kt-tab-layout-inherit kt-m-colapse-left-to-right kt-mobile-layout-row\">\n<div class=\"wp-block-kadence-column inner-column-1 kadence-column_d9e835-06\"><div class=\"kt-inside-inner-col\">\n<div class=\"wp-block-kadence-icon kt-svg-icons kt-svg-icons_9ca430-ed aligncenter\" style=\"text-align:center\"><div class=\"kt-svg-style-default kt-svg-icon-wrap kt-svg-item-0\"><div style=\"display:inline-flex;justify-content:center;align-items:center;color:#fff\" class=\"kt-svg-icon kt-svg-icon-fe_chevronsDown\"><svg style=\"display:inline-block;vertical-align:middle\" viewBox=\"0 0 24 24\" height=\"60\" width=\"60\" fill=\"none\" stroke=\"currentColor\" xmlns=\"http:\/\/www.w3.org\/2000\/svg\" stroke-width=\"0.5\" stroke-linecap=\"round\" stroke-linejoin=\"round\" aria-hidden=\"true\"><polyline points=\"7 13 12 18 17 13\"><\/polyline><polyline points=\"7 6 12 11 17 6\"><\/polyline><\/svg><\/div><\/div><\/div>\n\n\n<style id=\"kb-advancedheading_ad2544-4b\">#kt-adv-heading_ad2544-4b, #kt-adv-heading_ad2544-4b .wp-block-kadence-advancedheading, .wp-block-kadence-advancedheading.kt-adv-heading_ad2544-4b[data-kb-block=\"kb-adv-heading_ad2544-4b\"], .kadence-advanced-heading-wrapper .kt-adv-heading_ad2544-4b[data-kb-block=\"kb-adv-heading_ad2544-4b\"]{text-align:center;font-size:12px;line-height:20px;font-weight:400;font-family:Montserrat;color:#fff;margin-top:25px;margin-bottom:1px;}#kt-adv-heading_ad2544-4b mark, #kt-adv-heading_ad2544-4b .wp-block-kadence-advancedheading mark, .kt-adv-heading_ad2544-4b[data-kb-block=\"kb-adv-heading_ad2544-4b\"] mark{padding:0px 0px 0px 0px;}<\/style>\n<h5 class=\"kt-adv-heading_ad2544-4b wp-block-kadence-advancedheading\" data-kb-block=\"kb-adv-heading_ad2544-4b\"><\/h5>\n\n\n<style id=\"kb-advancedheading_a7471a-64\">#kt-adv-heading_a7471a-64, #kt-adv-heading_a7471a-64 .wp-block-kadence-advancedheading, .wp-block-kadence-advancedheading.kt-adv-heading_a7471a-64[data-kb-block=\"kb-adv-heading_a7471a-64\"], .kadence-advanced-heading-wrapper .kt-adv-heading_a7471a-64[data-kb-block=\"kb-adv-heading_a7471a-64\"]{text-align:center;font-size:22px;line-height:28px;font-weight:400;font-family:Montserrat;color:#fff;margin-top:1px;margin-bottom:20px;}#kt-adv-heading_a7471a-64 mark, #kt-adv-heading_a7471a-64 .wp-block-kadence-advancedheading mark, .kt-adv-heading_a7471a-64[data-kb-block=\"kb-adv-heading_a7471a-64\"] mark{padding:0px 0px 0px 0px;}<\/style>\n<h2 class=\"kt-adv-heading_a7471a-64 wp-block-kadence-advancedheading\" data-kb-block=\"kb-adv-heading_a7471a-64\">\u00c7ED<\/h2>\n\n\n\n<p class=\"has-text-align-left has-text-color\" style=\"color:#ffffff;font-size:14px\">\u00c7ED (\u00c7evresel Etki De\u011ferlendirmesi) s\u00fcreci, bir projenin \u00e7evresel etkilerinin de\u011ferlendirilmesi ve y\u00f6netilmesi amac\u0131yla yap\u0131lan bir dizi a\u015famadan olu\u015fur.<\/p>\n\n\n\n<p class=\"has-text-color\" style=\"color:#19a0d1\">&#8230;<\/p>\n\n\n<style id=\"kb-advancedbtn_dc15b7-26\">.kt-btns_dc15b7-26 .kt-button{font-family:Montserrat;font-weight:400;}.wp-block-kadence-advancedbtn.kt-btns_dc15b7-26 .kt-btn-wrap-0 .kt-button{color:#fff;font-size:18px;background:transparent;border-color:#fff;}.wp-block-kadence-advancedbtn.kt-btns_dc15b7-26 .kt-btn-wrap-0 .kt-button:hover, .wp-block-kadence-advancedbtn.kt-btns_dc15b7-26 .kt-btn-wrap-0 .kt-button:focus{color:#1d9dcd;border-color:#fff;}.wp-block-kadence-advancedbtn.kt-btns_dc15b7-26 .kt-btn-wrap-0 .kt-button::before{display:none;}.wp-block-kadence-advancedbtn.kt-btns_dc15b7-26 .kt-btn-wrap-0 .kt-button:hover, .wp-block-kadence-advancedbtn.kt-btns_dc15b7-26 .kt-btn-wrap-0 .kt-button:focus{background:#fff;}<\/style>\n<div class=\"wp-block-kadence-advancedbtn kt-btn-align-center kt-btn-tablet-align-inherit kt-btn-mobile-align-inherit kt-btns-wrap kt-btns_dc15b7-26\"><div class=\"kt-btn-wrap kt-btn-wrap-0\"><a class=\"kt-button button kt-btn-0-action kt-btn-size-standard kt-btn-style-basic kt-btn-svg-show-always kt-btn-has-text-true kt-btn-has-svg-false\" href=\"https:\/\/www.enars.com.tr\/?page_id=1509\" style=\"border-radius:3px;border-width:1px\"><span class=\"kt-btn-inner-text\">Detay<\/span><\/a><\/div><\/div>\n<\/div><\/div>\n<\/div><\/div><\/div>\n<\/div><\/div>\n\n\n\n<div class=\"wp-block-kadence-column inner-column-2 kadence-column_db8fa5-23\"><div class=\"kt-inside-inner-col\"><style id=\"kb-rowlayout_69fcff-63\">#kt-layout-id_69fcff-63{background-color:#e99054;}#kt-layout-id_69fcff-63 > .kt-row-column-wrap{padding-bottom:20px;padding-left:40px;padding-right:40px;min-height:500px;}<\/style>\n<div class=\"wp-block-kadence-rowlayout alignnone\"><div id=\"kt-layout-id_69fcff-63\" class=\"kt-row-layout-inner kt-row-has-bg kt-layout-id_69fcff-63\"><div class=\"kt-row-column-wrap kt-has-1-columns kt-gutter-default kt-v-gutter-default kt-row-valign-middle kt-row-layout-equal kt-tab-layout-inherit kt-m-colapse-left-to-right kt-mobile-layout-row\">\n<div class=\"wp-block-kadence-column inner-column-1 kadence-column_838240-9c\"><div class=\"kt-inside-inner-col\">\n<div class=\"wp-block-kadence-icon kt-svg-icons kt-svg-icons_81f6b6-cc aligncenter\" style=\"text-align:center\"><div class=\"kt-svg-style-default kt-svg-icon-wrap kt-svg-item-0\"><div style=\"display:inline-flex;justify-content:center;align-items:center;color:#fff\" class=\"kt-svg-icon kt-svg-icon-fe_chevronsDown\"><svg style=\"display:inline-block;vertical-align:middle\" viewBox=\"0 0 24 24\" height=\"60\" width=\"60\" fill=\"none\" stroke=\"currentColor\" xmlns=\"http:\/\/www.w3.org\/2000\/svg\" stroke-width=\"0.5\" stroke-linecap=\"round\" stroke-linejoin=\"round\" aria-hidden=\"true\"><polyline points=\"7 13 12 18 17 13\"><\/polyline><polyline points=\"7 6 12 11 17 6\"><\/polyline><\/svg><\/div><\/div><\/div>\n\n\n<style id=\"kb-advancedheading_04e6a2-eb\">#kt-adv-heading_04e6a2-eb, #kt-adv-heading_04e6a2-eb .wp-block-kadence-advancedheading, .wp-block-kadence-advancedheading.kt-adv-heading_04e6a2-eb[data-kb-block=\"kb-adv-heading_04e6a2-eb\"], .kadence-advanced-heading-wrapper .kt-adv-heading_04e6a2-eb[data-kb-block=\"kb-adv-heading_04e6a2-eb\"]{text-align:center;font-size:12px;line-height:20px;font-weight:400;font-family:Montserrat;color:#fff;margin-top:25px;margin-bottom:1px;}#kt-adv-heading_04e6a2-eb mark, #kt-adv-heading_04e6a2-eb .wp-block-kadence-advancedheading mark, .kt-adv-heading_04e6a2-eb[data-kb-block=\"kb-adv-heading_04e6a2-eb\"] mark{padding:0px 0px 0px 0px;}<\/style>\n<h5 class=\"kt-adv-heading_04e6a2-eb wp-block-kadence-advancedheading\" data-kb-block=\"kb-adv-heading_04e6a2-eb\"><\/h5>\n\n\n<style id=\"kb-advancedheading_d37315-b6\">#kt-adv-heading_d37315-b6, #kt-adv-heading_d37315-b6 .wp-block-kadence-advancedheading, .wp-block-kadence-advancedheading.kt-adv-heading_d37315-b6[data-kb-block=\"kb-adv-heading_d37315-b6\"], .kadence-advanced-heading-wrapper .kt-adv-heading_d37315-b6[data-kb-block=\"kb-adv-heading_d37315-b6\"]{text-align:center;font-size:22px;line-height:28px;font-weight:400;font-family:Montserrat;color:#fff;margin-top:1px;margin-bottom:20px;}#kt-adv-heading_d37315-b6 mark, #kt-adv-heading_d37315-b6 .wp-block-kadence-advancedheading mark, .kt-adv-heading_d37315-b6[data-kb-block=\"kb-adv-heading_d37315-b6\"] mark{padding:0px 0px 0px 0px;}<\/style>\n<h2 class=\"kt-adv-heading_d37315-b6 wp-block-kadence-advancedheading\" data-kb-block=\"kb-adv-heading_d37315-b6\">Karbon Ayak \u0130zi Hesab\u0131<\/h2>\n\n\n\n<p class=\"has-text-align-left has-text-color\" style=\"color:#ffffff;font-size:14px\">Karbon ayak izi, bir birey, organizasyon veya \u00fcr\u00fcn\u00fcn \u00fcretim ve faaliyetleri s\u0131ras\u0131nda atmosfere sald\u0131\u011f\u0131 sera gaz\u0131 emisyonlar\u0131n\u0131n toplam\u0131n\u0131 g\u00f6sterir. <\/p>\n\n\n<style id=\"kb-advancedbtn_7214ae-1b\">.kt-btns_7214ae-1b .kt-button{font-family:Montserrat;font-weight:400;}.wp-block-kadence-advancedbtn.kt-btns_7214ae-1b .kt-btn-wrap-0 .kt-button{color:#fff;font-size:18px;background:transparent;border-color:#fff;}.wp-block-kadence-advancedbtn.kt-btns_7214ae-1b .kt-btn-wrap-0 .kt-button:hover, .wp-block-kadence-advancedbtn.kt-btns_7214ae-1b .kt-btn-wrap-0 .kt-button:focus{color:#e99054;border-color:#fff;}.wp-block-kadence-advancedbtn.kt-btns_7214ae-1b .kt-btn-wrap-0 .kt-button::before{display:none;}.wp-block-kadence-advancedbtn.kt-btns_7214ae-1b .kt-btn-wrap-0 .kt-button:hover, .wp-block-kadence-advancedbtn.kt-btns_7214ae-1b .kt-btn-wrap-0 .kt-button:focus{background:#fff;}<\/style>\n<div class=\"wp-block-kadence-advancedbtn kt-btn-align-center kt-btn-tablet-align-inherit kt-btn-mobile-align-inherit kt-btns-wrap kt-btns_7214ae-1b\"><div class=\"kt-btn-wrap kt-btn-wrap-0\"><a class=\"kt-button button kt-btn-0-action kt-btn-size-standard kt-btn-style-basic kt-btn-svg-show-always kt-btn-has-text-true kt-btn-has-svg-false\" href=\"https:\/\/www.enars.com.tr\/?page_id=1511\" style=\"border-radius:3px;border-width:1px\"><span class=\"kt-btn-inner-text\">Detay<\/span><\/a><\/div><\/div>\n<\/div><\/div>\n<\/div><\/div><\/div>\n<\/div><\/div>\n\n\n\n<div class=\"wp-block-kadence-column inner-column-3 kadence-column_391be1-2b\"><div class=\"kt-inside-inner-col\"><style id=\"kb-rowlayout_ef92d3-75\">#kt-layout-id_ef92d3-75{background-color:#3147e8;}#kt-layout-id_ef92d3-75 > .kt-row-column-wrap{padding-bottom:20px;padding-left:40px;padding-right:40px;min-height:500px;}<\/style>\n<div class=\"wp-block-kadence-rowlayout alignnone\"><div id=\"kt-layout-id_ef92d3-75\" class=\"kt-row-layout-inner kt-row-has-bg kt-layout-id_ef92d3-75\"><div class=\"kt-row-column-wrap kt-has-1-columns kt-gutter-default kt-v-gutter-default kt-row-valign-middle kt-row-layout-equal kt-tab-layout-inherit kt-m-colapse-left-to-right kt-mobile-layout-row\">\n<div class=\"wp-block-kadence-column inner-column-1 kadence-column_b5c121-2e\"><div class=\"kt-inside-inner-col\">\n<div class=\"wp-block-kadence-icon kt-svg-icons kt-svg-icons_0e02b2-3b aligncenter\" style=\"text-align:center\"><div class=\"kt-svg-style-default kt-svg-icon-wrap kt-svg-item-0\"><div style=\"display:inline-flex;justify-content:center;align-items:center;color:#fff\" class=\"kt-svg-icon kt-svg-icon-fe_chevronsDown\"><svg style=\"display:inline-block;vertical-align:middle\" viewBox=\"0 0 24 24\" height=\"60\" width=\"60\" fill=\"none\" stroke=\"currentColor\" xmlns=\"http:\/\/www.w3.org\/2000\/svg\" stroke-width=\"0.5\" stroke-linecap=\"round\" stroke-linejoin=\"round\" aria-hidden=\"true\"><polyline points=\"7 13 12 18 17 13\"><\/polyline><polyline points=\"7 6 12 11 17 6\"><\/polyline><\/svg><\/div><\/div><\/div>\n\n\n<style id=\"kb-advancedheading_dc10d0-40\">#kt-adv-heading_dc10d0-40, #kt-adv-heading_dc10d0-40 .wp-block-kadence-advancedheading, .wp-block-kadence-advancedheading.kt-adv-heading_dc10d0-40[data-kb-block=\"kb-adv-heading_dc10d0-40\"], .kadence-advanced-heading-wrapper .kt-adv-heading_dc10d0-40[data-kb-block=\"kb-adv-heading_dc10d0-40\"]{text-align:center;font-size:12px;line-height:20px;font-weight:400;font-family:Montserrat;color:#fff;margin-top:25px;margin-bottom:1px;}#kt-adv-heading_dc10d0-40 mark, #kt-adv-heading_dc10d0-40 .wp-block-kadence-advancedheading mark, .kt-adv-heading_dc10d0-40[data-kb-block=\"kb-adv-heading_dc10d0-40\"] mark{padding:0px 0px 0px 0px;}<\/style>\n<h5 class=\"kt-adv-heading_dc10d0-40 wp-block-kadence-advancedheading\" data-kb-block=\"kb-adv-heading_dc10d0-40\"><\/h5>\n\n\n<style id=\"kb-advancedheading_533e6f-23\">#kt-adv-heading_533e6f-23, #kt-adv-heading_533e6f-23 .wp-block-kadence-advancedheading, .wp-block-kadence-advancedheading.kt-adv-heading_533e6f-23[data-kb-block=\"kb-adv-heading_533e6f-23\"], .kadence-advanced-heading-wrapper .kt-adv-heading_533e6f-23[data-kb-block=\"kb-adv-heading_533e6f-23\"]{text-align:center;font-size:22px;line-height:28px;font-weight:400;font-family:Montserrat;color:#fff;margin-top:1px;margin-bottom:20px;}#kt-adv-heading_533e6f-23 mark, #kt-adv-heading_533e6f-23 .wp-block-kadence-advancedheading mark, .kt-adv-heading_533e6f-23[data-kb-block=\"kb-adv-heading_533e6f-23\"] mark{padding:0px 0px 0px 0px;}<\/style>\n<h2 class=\"kt-adv-heading_533e6f-23 wp-block-kadence-advancedheading\" data-kb-block=\"kb-adv-heading_533e6f-23\">M\u00fc\u015fteri Denetlemeleri<\/h2>\n\n\n\n<p class=\"has-text-align-left has-text-color\" style=\"color:#ffffff;font-size:14px\">M\u00fc\u015fteri denetlemelerinde \u00e7evre ile ilgili k\u0131s\u0131mlarda sizin yan\u0131n\u0131zda olup, gerekli evrak ve dok\u00fcmantasyonlarda uzman kadromuz ile yan\u0131n\u0131zda oluyoruz.<\/p>\n\n\n<style id=\"kb-advancedbtn_e9cd0c-10\">.kt-btns_e9cd0c-10 .kt-button{font-family:Montserrat;font-weight:400;}.wp-block-kadence-advancedbtn.kt-btns_e9cd0c-10 .kt-btn-wrap-0 .kt-button{color:#fff;font-size:18px;background:transparent;border-color:#fff;}.wp-block-kadence-advancedbtn.kt-btns_e9cd0c-10 .kt-btn-wrap-0 .kt-button:hover, .wp-block-kadence-advancedbtn.kt-btns_e9cd0c-10 .kt-btn-wrap-0 .kt-button:focus{color:#3147e8;border-color:#fff;}.wp-block-kadence-advancedbtn.kt-btns_e9cd0c-10 .kt-btn-wrap-0 .kt-button::before{display:none;}.wp-block-kadence-advancedbtn.kt-btns_e9cd0c-10 .kt-btn-wrap-0 .kt-button:hover, .wp-block-kadence-advancedbtn.kt-btns_e9cd0c-10 .kt-btn-wrap-0 .kt-button:focus{background:#fff;}<\/style>\n<div class=\"wp-block-kadence-advancedbtn kt-btn-align-center kt-btn-tablet-align-inherit kt-btn-mobile-align-inherit kt-btns-wrap kt-btns_e9cd0c-10\"><div class=\"kt-btn-wrap kt-btn-wrap-0\"><a class=\"kt-button button kt-btn-0-action kt-btn-size-standard kt-btn-style-basic kt-btn-svg-show-always kt-btn-has-text-true kt-btn-has-svg-false\" href=\"https:\/\/www.enars.com.tr\/?page_id=1512\" style=\"border-radius:3px;border-width:1px\"><span class=\"kt-btn-inner-text\">Detay<\/span><\/a><\/div><\/div>\n<\/div><\/div>\n<\/div><\/div><\/div>\n<\/div><\/div>\n\n\n\n<div class=\"wp-block-kadence-column inner-column-4 kadence-column_7c0abc-2e\"><div class=\"kt-inside-inner-col\"><style id=\"kb-rowlayout_2f7665-9d\">#kt-layout-id_2f7665-9d{background-color:#6fc4ab;}#kt-layout-id_2f7665-9d > .kt-row-column-wrap{padding-bottom:20px;}<\/style>\n<div class=\"wp-block-kadence-rowlayout alignnone\"><div id=\"kt-layout-id_2f7665-9d\" class=\"kt-row-layout-inner kt-row-has-bg kt-layout-id_2f7665-9d\"><div class=\"kt-row-column-wrap kt-has-1-columns kt-gutter-default kt-v-gutter-default kt-row-valign-top kt-row-layout-equal kt-tab-layout-inherit kt-m-colapse-left-to-right kt-mobile-layout-row\">\n<div class=\"wp-block-kadence-column inner-column-1 kadence-column_6bef5f-22\"><div class=\"kt-inside-inner-col\">\n<div class=\"wp-block-kadence-icon kt-svg-icons kt-svg-icons_99e8dd-37 alignnone\" style=\"text-align:center\"><div class=\"kt-svg-style-default kt-svg-icon-wrap kt-svg-item-0\"><div style=\"display:inline-flex;justify-content:center;align-items:center;color:#ffffff\" class=\"kt-svg-icon kt-svg-icon-fe_chevronsDown\"><svg style=\"display:inline-block;vertical-align:middle\" viewBox=\"0 0 24 24\" height=\"60\" width=\"60\" fill=\"none\" stroke=\"currentColor\" xmlns=\"http:\/\/www.w3.org\/2000\/svg\" stroke-width=\"0.5\" stroke-linecap=\"round\" stroke-linejoin=\"round\" aria-hidden=\"true\"><polyline points=\"7 13 12 18 17 13\"><\/polyline><polyline points=\"7 6 12 11 17 6\"><\/polyline><\/svg><\/div><\/div><\/div>\n\n\n\n<p><\/p>\n\n\n<style id=\"kb-advancedheading_bb5326-d3\">#kt-adv-heading_bb5326-d3, #kt-adv-heading_bb5326-d3 .wp-block-kadence-advancedheading, .wp-block-kadence-advancedheading.kt-adv-heading_bb5326-d3[data-kb-block=\"kb-adv-heading_bb5326-d3\"], .kadence-advanced-heading-wrapper .kt-adv-heading_bb5326-d3[data-kb-block=\"kb-adv-heading_bb5326-d3\"]{text-align:center;font-size:22px;line-height:28px;font-weight:400;font-family:Montserrat;text-transform:none;}<\/style>\n<h2 class=\"kt-adv-heading_bb5326-d3 wp-block-kadence-advancedheading has-white-color has-text-color\" data-kb-block=\"kb-adv-heading_bb5326-d3\">Sera Emisyon Gaz\u0131 Hesab\u0131<\/h2>\n\n\n\n<p class=\"has-white-color has-text-color\" style=\"font-size:14px\">T\u00fcrkiye\u2019de sera gaz\u0131 emisyonlar\u0131n\u0131n izlenmesi, raporlanmas\u0131 ve do\u011frulanmas\u0131na y\u00f6nelik bir \u00e7er\u00e7eve sunan \u00f6nemli bir d\u00fczenlemedir. Bu y\u00f6netmelik, \u00fclke genelinde sera gaz\u0131 emisyonlar\u0131n\u0131n azalt\u0131lmas\u0131na y\u00f6nelik ad\u0131mlar at\u0131lmas\u0131n\u0131 sa\u011flamak amac\u0131yla uygulanmaktad\u0131r. <\/p>\n\n\n<style id=\"kb-advancedbtn_527d88-95\">.kt-btns_527d88-95 .kt-button{font-family:Montserrat;font-weight:400;}.kt-btns_527d88-95 .kt-btn-wrap-0{margin-right:5px;}.rtl .kt-btns_527d88-95 .kt-btn-wrap-0{margin-left:5px;margin-right:0px;}.wp-block-kadence-advancedbtn.kt-btns_527d88-95 .kt-btn-wrap-0 .kt-button{color:#fff;font-size:18px;background:transparent;border-color:#fff;}.wp-block-kadence-advancedbtn.kt-btns_527d88-95 .kt-btn-wrap-0 .kt-button:hover, .wp-block-kadence-advancedbtn.kt-btns_527d88-95 .kt-btn-wrap-0 .kt-button:focus{color:#5fb5b9;border-color:#fff;}.wp-block-kadence-advancedbtn.kt-btns_527d88-95 .kt-btn-wrap-0 .kt-button::before{display:none;}.wp-block-kadence-advancedbtn.kt-btns_527d88-95 .kt-btn-wrap-0 .kt-button:hover, .wp-block-kadence-advancedbtn.kt-btns_527d88-95 .kt-btn-wrap-0 .kt-button:focus{background:#fff;}<\/style>\n<div class=\"wp-block-kadence-advancedbtn kt-btn-align-center kt-btn-tablet-align-inherit kt-btn-mobile-align-inherit kt-btns-wrap kt-btns_527d88-95\"><div class=\"kt-btn-wrap kt-btn-wrap-0\"><a class=\"kt-button button kt-btn-0-action kt-btn-size-standard kt-btn-style-basic kt-btn-svg-show-always kt-btn-has-text-true kt-btn-has-svg-false\" href=\"https:\/\/www.enars.com.tr\/?page_id=1513\" style=\"border-radius:3px;border-width:1px\"><span class=\"kt-btn-inner-text\">Detay<\/span><\/a><\/div><\/div>\n<\/div><\/div>\n<\/div><\/div><\/div>\n<\/div><\/div>\n<\/div><\/div><\/div>\n","protected":false},"excerpt":{"rendered":"<p>\u00c7ED \u00c7ED (\u00c7evresel Etki De\u011ferlendirmesi) s\u00fcreci, bir projenin \u00e7evresel etkilerinin de\u011ferlendirilmesi ve y\u00f6netilmesi amac\u0131yla yap\u0131lan bir dizi a\u015famadan olu\u015fur. &#8230; Karbon Ayak \u0130zi Hesab\u0131 Karbon ayak izi, bir birey, organizasyon veya \u00fcr\u00fcn\u00fcn \u00fcretim ve faaliyetleri s\u0131ras\u0131nda atmosfere sald\u0131\u011f\u0131 sera gaz\u0131 &hellip; <a href=\"https:\/\/www.enars.com.tr\/?page_id=37\">Devam\u0131<\/a><\/p>\n","protected":false},"author":1,"featured_media":0,"parent":0,"menu_order":0,"comment_status":"closed","ping_status":"closed","template":"","meta":{"kt_blocks_editor_width":""},"_links":{"self":[{"href":"https:\/\/www.enars.com.tr\/index.php?rest_route=\/wp\/v2\/pages\/37"}],"collection":[{"href":"https:\/\/www.enars.com.tr\/index.php?rest_route=\/wp\/v2\/pages"}],"about":[{"href":"https:\/\/www.enars.com.tr\/index.php?rest_route=\/wp\/v2\/types\/page"}],"author":[{"embeddable":true,"href":"https:\/\/www.enars.com.tr\/index.php?rest_route=\/wp\/v2\/users\/1"}],"replies":[{"embeddable":true,"href":"https:\/\/www.enars.com.tr\/index.php?rest_route=%2Fwp%2Fv2%2Fcomments&post=37"}],"version-history":[{"count":8,"href":"https:\/\/www.enars.com.tr\/index.php?rest_route=\/wp\/v2\/pages\/37\/revisions"}],"predecessor-version":[{"id":2200,"href":"https:\/\/www.enars.com.tr\/index.php?rest_route=\/wp\/v2\/pages\/37\/revisions\/2200"}],"wp:attachment":[{"href":"https:\/\/www.enars.com.tr\/index.php?rest_route=%2Fwp%2Fv2%2Fmedia&parent=37"}],"curies":[{"name":"wp","href":"https:\/\/api.w.org\/{rel}","templated":true}]}}