{"id":1790,"date":"2022-03-24T14:08:35","date_gmt":"2022-03-24T14:08:35","guid":{"rendered":"https:\/\/www.enars.com.tr\/?page_id=1790"},"modified":"2025-04-05T07:02:40","modified_gmt":"2025-04-05T07:02:40","slug":"referanslarimiz","status":"publish","type":"page","link":"https:\/\/www.enars.com.tr\/?page_id=1790","title":{"rendered":"Referanslar\u0131m\u0131z"},"content":{"rendered":"\n<p>     2005 y\u0131l\u0131ndan itibaren Enars End\u00fcstriyel Ar\u0131tma Sistemleri olarak, \u00e7evre dostu ve s\u00fcrd\u00fcr\u00fclebilir \u00e7\u00f6z\u00fcmler sunma misyonuyla sekt\u00f6rdeki lider konumumuzu peki\u015ftirdik. Profesyonel ve uzman kadromuzla, her ge\u00e7en y\u0131l daha b\u00fcy\u00fck projelere imza atarak, her bir projede yenilik\u00e7i teknolojiler kullanarak suyun kalitesini art\u0131rmay\u0131 ve \u00e7evre \u00fczerindeki olumsuz etkileri minimize etmeyi ama\u00e7lad\u0131k.<br>     Enars, kuruldu\u011fundan bu yana at\u0131ksu ar\u0131tma sekt\u00f6r\u00fcnde kazand\u0131\u011f\u0131 deneyim ve birikimle, her t\u00fcrl\u00fc su ar\u0131tma ihtiyac\u0131na uygun \u00e7\u00f6z\u00fcmler geli\u015ftirmeye devam etmektedir. Ekibimiz, her proje i\u00e7in \u00f6zel olarak tasarlanm\u0131\u015f m\u00fchendislik \u00e7\u00f6z\u00fcmleri sunarak, en y\u00fcksek verimlili\u011fi sa\u011flamay\u0131 hedeflemektedir. Ar\u0131tma sistemlerinin in\u015fas\u0131nda ve i\u015fletmesinde g\u00f6sterdi\u011fimiz ba\u015far\u0131larla, sekt\u00f6rdeki sayg\u0131nl\u0131\u011f\u0131m\u0131z\u0131 art\u0131rd\u0131k ve her ge\u00e7en g\u00fcn b\u00fcy\u00fcyen m\u00fc\u015fteri portf\u00f6y\u00fcm\u00fczle daha s\u00fcrd\u00fcr\u00fclebilir bir gelece\u011fe katk\u0131 sa\u011fl\u0131yoruz.<\/p>\n\n\n<style id=\"kb-tabs_4e5064-a4\">.kt-tabs-id_4e5064-a4 > .kt-tabs-content-wrap > .wp-block-kadence-tab {border-width:3px 0px 0px 0px;border-color:#0a6689;background:#ffffff;}.wp-block-kadence-tabs .kt-tabs-id_4e5064-a4 > .kt-tabs-title-list li {margin:0px 8px 0px 0px;}.wp-block-kadence-tabs .kt-tabs-id_4e5064-a4 > .kt-tabs-title-list li .kt-tab-title, .wp-block-kadence-tabs .kt-tabs-id_4e5064-a4 > .kt-tabs-content-wrap > .kt-tabs-accordion-title .kt-tab-title {font-size:1.1em;line-height:1.4em;border-width:0px 0px 0px 0px ;border-radius:4px 4px 0px 0px ;padding:8px 20px 8px 20px ;border-color:#eeeeee;color:#222222;background:#eeeeee;}.wp-block-kadence-tabs .kt-tabs-id_4e5064-a4 > .kt-tabs-title-list li .kt-tab-title:hover, .wp-block-kadence-tabs .kt-tabs-id_4e5064-a4 > .kt-tabs-content-wrap > .kt-tabs-accordion-title .kt-tab-title:hover {border-color:#eeeeee;color:#222222;background:#e2e2e2;}.wp-block-kadence-tabs .kt-tabs-id_4e5064-a4 > .kt-tabs-title-list li.kt-tab-title-active .kt-tab-title, .wp-block-kadence-tabs .kt-tabs-id_4e5064-a4 > .kt-tabs-content-wrap > .kt-tabs-accordion-title.kt-tab-title-active .kt-tab-title  {border-color:#eeeeee;color:#ffffff;background:#0a6689;}<\/style>\n<div class=\"wp-block-kadence-tabs alignnone\"><div class=\"kt-tabs-wrap kt-tabs-id_4e5064-a4 kt-tabs-has-3-tabs kt-active-tab-1 kt-tabs-layout-tabs kt-tabs-tablet-layout-inherit kt-tabs-mobile-layout-inherit kt-tab-alignment-left \" style=\"max-width:none\"><ul class=\"kt-tabs-title-list\"><li id=\"tab-artmatesisi\" class=\"kt-title-item kt-title-item-1 kt-tabs-svg-show-always kt-tabs-icon-side-right kt-tab-title-active\"><a href=\"#tab-artmatesisi\" data-tab=\"1\" class=\"kt-tab-title kt-tab-title-1 \"><span class=\"kt-title-text\">Ar\u0131tma Tesisi<\/span><\/a><\/li><li id=\"tab-teklifiste\" class=\"kt-title-item kt-title-item-2 kt-tabs-svg-show-always kt-tabs-icon-side-right kt-tab-title-inactive\"><a href=\"#tab-teklifiste\" data-tab=\"2\" class=\"kt-tab-title kt-tab-title-2 \"><span class=\"kt-title-text\">Teklif \u0130ste<\/span><\/a><\/li><li id=\"tab-bizeulan\" class=\"kt-title-item kt-title-item-3 kt-tabs-svg-show-always kt-tabs-icon-side-right kt-tab-title-inactive\"><a href=\"#tab-bizeulan\" data-tab=\"3\" class=\"kt-tab-title kt-tab-title-3 \"><span class=\"kt-title-text\">Bize ula\u015f\u0131n<\/span><\/a><\/li><\/ul><div class=\"kt-tabs-content-wrap\">\n<div class=\"wp-block-kadence-tab kt-tab-inner-content kt-inner-tab-1 kt-inner-tab_c446f9-38\"><div class=\"kt-tab-inner-content-inner\">\n<ul><li>AYS Alkoll\u00fc \u0130\u00e7ecekler A.\u015e.<\/li><li>Ninka Alkoll\u00fc \u0130\u00e7ecekler<\/li><li>Bulsan Boya Tekstil<\/li><li>Kaya Tekstil<\/li><li>ABY Tekstil<\/li><li>Mittos Su \u00dcr. Tur. Pet. Nak. Enerji Hayv. \u0130th. \u0130hr. San. Ve Tic. Ltd. \u015eti.<\/li><li>Konfrut G\u0131da (Dohler)<\/li><li>Ar\u0131su G\u0131da<\/li><li>Stone Mermer<\/li><li>Solemar Mermer<\/li><li>K\u00f6m\u00fcrc\u00fco\u011flu Mermer<\/li><li>Alkim Alkali Kimya (Afyonkarahisar)<\/li><li>G\u00f6zler Belediyesi \u2013 Evsel Nitelikli At\u0131ksu Ar\u0131tma Tesisi<\/li><li>Bur\u00e7e Tekstil Dokuma San. Tic. A.\u015e. \u2013 Evsel Nitelikli At\u0131ksu Ar\u0131tma Tesisi<\/li><li>B\u00f6lme Kaya \/ Buldan \u2013 Evsel Nitelikli At\u0131ksu Ar\u0131tma Tesisi<\/li><li>Yasemin Tekstil San. Ve Tic. Ltd. \u015eti. \u2013 Evsel Nitelikli At\u0131ksu Ar\u0131tma Tesisi<\/li><li>Bozbaylar Teks. Dokuma San. Tic. A.\u015e. (Eskihisar) \u2013 Evsel Nitelikli A.A.T.<\/li><li>Aysu Tekstil San. Tic. Ltd. \u015eti. \u2013 Evsel Nitelikli At\u0131ksu Ar\u0131tma Tesisi<\/li><li>Denizli \u00c7imento San. Tic. A.\u015e.<\/li><li>Age Denizli Do\u011falgaz Elk. \u00dcr. A.\u015e. \u2013 End\u00fcstriyel Nitelikli At\u0131ksu Ar\u0131tma Tesisi<\/li><li>Otuzbir Kimya San. T\u00fcrk Ltd. \u015eti. \u2013 Evsel Nitelikli At\u0131ksu Ar\u0131tma Tesisi<\/li><li>BBT \u0130th. \u0130hr. Teks. Tur. Sa. Tic. Ltd. \u015eti. \u2013 Evsel Nitelikli At\u0131ksu Ar\u0131tma Tesisi<\/li><li>Sav Belediyesi \u2013 Evsel Nitelikli At\u0131ksu Ar\u0131tma Tesisi<\/li><li>Ahmetli Belediyesi \u2013 Evsel Nitelikli At\u0131ksu Ar\u0131tma Tesisi<\/li><li>Dedeba\u011f\u0131 Belediyesi \u2013 Evsel Nitelikli At\u0131ksu Ar\u0131tma Tesisi<\/li><li>Can Me\u015frubat \u2013 End\u00fcstriyel Nitelikli At\u0131ksu Ar\u0131tma Tesisi<\/li><li>Denizli Sanayi Gazlar\u0131 Tic. A.\u015e. \u2013 End\u00fcstriyel Nitelikli At\u0131ksu Ar\u0131tma Tesisi<\/li><li>Shamrock Tekstil San. Ve Tic. A.\u015e.<\/li><li>Dok-San Denizli Dokuma San. Ve Tic. A.\u015e.<\/li><li>Ak\u00fcr\u00fcn Tekstil Tar\u0131m Hayv. A.\u015e.<\/li><li>Okan Haddecilik ve Teks. San. Ve Tic. Ltd. \u015eti.<\/li><li>Pamukkale Kablo San. Ve Tic. A.\u015e.<\/li><li>G\u00fcne\u015f Kal\u0131pl\u0131 Basma Kutu Ambalaj San. Ve Tic. A.\u015e.<\/li><li>Soda\u015f Sodyum San. A.\u015e.<\/li><\/ul>\n<\/div><\/div>\n\n\n\n<div class=\"wp-block-kadence-tab kt-tab-inner-content kt-inner-tab-2 kt-inner-tab_ac052e-0e\"><div class=\"kt-tab-inner-content-inner\">\n<div class=\"forminator-guttenberg\"><div class=\"forminator-ui forminator-custom-form forminator-custom-form-82 forminator-design--default  forminator_ajax\" data-forminator-render=\"0\" data-form=\"forminator-module-82\" data-uid=\"69e21db246378\"><br\/><\/div><form\n\t\t\t\tid=\"forminator-module-82\"\n\t\t\t\tclass=\"forminator-ui forminator-custom-form forminator-custom-form-82 forminator-design--default  forminator_ajax\"\n\t\t\t\tmethod=\"post\"\n\t\t\t\tdata-forminator-render=\"0\"\n\t\t\t\tdata-form-id=\"82\"\n\t\t\t\t\n\t\t\t\tdata-design=\"default\"\n\t\t\t\t\n\t\t\t\t\n\t\t\t\t\n\t\t\t\tdata-grid=\"open\"\n\t\t\t\tenctype=\"multipart\/form-data\"\n\t\t\t\t\n\t\t\t\tstyle=\"display: none;\"\n\t\t\t\t\n\t\t\t\tdata-uid=\"69e21db246378\"\n\t\t\t><div class=\"forminator-response-message forminator-error\" aria-hidden=\"true\"><\/div><div class=\"forminator-row\"><div id=\"name-2\" class=\"forminator-col forminator-col-6 \"><div class=\"forminator-field\"><label for=\"forminator-field-name-2_69e21db246378\" class=\"forminator-label\">Firma Ad\u0131 <span class=\"forminator-required\">*<\/span><\/label><input type=\"text\" name=\"name-2\" value=\"\" placeholder=\"\" id=\"forminator-field-name-2_69e21db246378\" class=\"forminator-input forminator-name--field\" aria-required=\"true\" \/><\/div><\/div><div id=\"name-3\" class=\"forminator-col forminator-col-6 \"><div class=\"forminator-field\"><label for=\"forminator-field-name-3_69e21db246378\" class=\"forminator-label\">Yetkili Ki\u015fi <span class=\"forminator-required\">*<\/span><\/label><input type=\"text\" name=\"name-3\" value=\"\" placeholder=\"\" id=\"forminator-field-name-3_69e21db246378\" class=\"forminator-input forminator-name--field\" aria-required=\"true\" \/><\/div><\/div><\/div><div class=\"forminator-row\"><div id=\"email-1\" class=\"forminator-col forminator-col-12 \"><div class=\"forminator-field\"><label for=\"forminator-field-email-1_69e21db246378\" class=\"forminator-label\">E-posta Adresi <span class=\"forminator-required\">*<\/span><\/label><input type=\"email\" name=\"email-1\" value=\"\" placeholder=\"\" id=\"forminator-field-email-1_69e21db246378\" class=\"forminator-input forminator-email--field\" data-required=\"true\" aria-required=\"true\" \/><\/div><\/div><\/div><div class=\"forminator-row\"><div id=\"phone-2\" class=\"forminator-col forminator-col-6 \"><div class=\"forminator-field\"><label for=\"forminator-field-phone-2_69e21db246378\" class=\"forminator-label\">Telefon<\/label><input type=\"text\" name=\"phone-2\" value=\"\" placeholder=\"\" id=\"forminator-field-phone-2_69e21db246378\" class=\"forminator-input forminator-field--phone\" data-required=\"\" aria-required=\"false\" autocomplete=\"off\" \/><\/div><\/div><div id=\"phone-1\" class=\"forminator-col forminator-col-6 \"><div class=\"forminator-field\"><label for=\"forminator-field-phone-1_69e21db246378\" class=\"forminator-label\">Cep Numaras\u0131 <span class=\"forminator-required\">*<\/span><\/label><input type=\"text\" name=\"phone-1\" value=\"\" placeholder=\"\" id=\"forminator-field-phone-1_69e21db246378\" class=\"forminator-input forminator-field--phone\" data-required=\"1\" aria-required=\"true\" autocomplete=\"off\" data-validation=\"1\" \/><\/div><\/div><\/div><div class=\"forminator-row\"><div id=\"address-1\" class=\"forminator-col forminator-col-12 \"><div class=\"forminator-row\"><div id=\"address-1-street_address\" class=\"forminator-col\"><div class=\"forminator-field\"><label for=\"forminator-field-street_address-address-1_69e21db246378\" class=\"forminator-label\">Firma Adresi<\/label><input type=\"text\" name=\"address-1-street_address\" placeholder=\"\" id=\"forminator-field-street_address-address-1_69e21db246378\" class=\"forminator-input\" data-required=\"\" aria-required=\"false\" value=\"\" \/><\/div><\/div><\/div><div class=\"forminator-row\" data-multiple=\"false\"><div id=\"address-1-city\" class=\"forminator-col forminator-col-12\"><div class=\"forminator-field\"><label for=\"forminator-field-city-address-1_69e21db246378\" class=\"forminator-label\">\u015eehir<\/label><input type=\"text\" name=\"address-1-city\" placeholder=\"\" id=\"forminator-field-city-address-1_69e21db246378\" class=\"forminator-input\" data-required=\"\" aria-required=\"false\" value=\"\" \/><\/div><\/div><\/div><\/div><\/div><div class=\"forminator-row\"><div id=\"radio-1\" class=\"forminator-col forminator-col-12 \"><div role=\"radiogroup\" class=\"forminator-field\" aria-labelledby=\"forminator-radiogroup-69e21db246378-label\"><label for=\"forminator-field-radio-1-1-69e21db246378\" class=\"forminator-radio\" title=\"Evsel At\u0131ksu Ar\u0131tma\"><input type=\"radio\" name=\"radio-1\" value=\"Evsel-At\u0131ksu-Ar\u0131tma\" id=\"forminator-field-radio-1-1-69e21db246378\" data-calculation=\"0\"  \/><span class=\"forminator-radio-bullet\" aria-hidden=\"true\"><\/span><span class=\"forminator-radio-label\">Evsel At\u0131ksu Ar\u0131tma<\/span><\/label><label for=\"forminator-field-radio-1-2-69e21db246378\" class=\"forminator-radio\" title=\"End\u00fcstriyel Ar\u0131tma\"><input type=\"radio\" name=\"radio-1\" value=\"End\u00fcstriyel-Ar\u0131tma\" id=\"forminator-field-radio-1-2-69e21db246378\" data-calculation=\"0\"  \/><span class=\"forminator-radio-bullet\" aria-hidden=\"true\"><\/span><span class=\"forminator-radio-label\">End\u00fcstriyel Ar\u0131tma<\/span><\/label><label for=\"forminator-field-radio-1-3-69e21db246378\" class=\"forminator-radio\" title=\"Di\u011fer\"><input type=\"radio\" name=\"radio-1\" value=\"dier\" id=\"forminator-field-radio-1-3-69e21db246378\" data-calculation=\"0\"  \/><span class=\"forminator-radio-bullet\" aria-hidden=\"true\"><\/span><span class=\"forminator-radio-label\">Di\u011fer<\/span><\/label><\/div><\/div><\/div><div class=\"forminator-row\"><div id=\"text-2\" class=\"forminator-col forminator-col-4 \"><div class=\"forminator-field\"><label for=\"forminator-field-text-2_69e21db246378\" class=\"forminator-label\">De\u015farj yeri Belirtiniz<\/label><input type=\"text\" name=\"text-2\" value=\"\" placeholder=\"\" id=\"forminator-field-text-2_69e21db246378\" class=\"forminator-input forminator-name--field\" data-required=\"\" \/><\/div><\/div><div id=\"text-3\" class=\"forminator-col forminator-col-4 \"><div class=\"forminator-field\"><label for=\"forminator-field-text-3_69e21db246378\" class=\"forminator-label\">At\u0131k Su Kayna\u011f\u0131<\/label><input type=\"text\" name=\"text-3\" value=\"\" placeholder=\"\" id=\"forminator-field-text-3_69e21db246378\" class=\"forminator-input forminator-name--field\" data-required=\"\" \/><\/div><\/div><div id=\"text-1\" class=\"forminator-col forminator-col-4 \"><div class=\"forminator-field\"><label for=\"forminator-field-text-1_69e21db246378\" class=\"forminator-label\">At\u0131ksu Miktar\u0131 Belirtiniz<\/label><input type=\"text\" name=\"text-1\" value=\"\" placeholder=\"\" id=\"forminator-field-text-1_69e21db246378\" class=\"forminator-input forminator-name--field\" data-required=\"\" \/><\/div><\/div><\/div><div class=\"forminator-row\"><div id=\"text-5\" class=\"forminator-col forminator-col-6 \"><div class=\"forminator-field\"><label for=\"forminator-field-text-5_69e21db246378\" class=\"forminator-label\">De\u015farj Yeri Belirtiniz<\/label><input type=\"text\" name=\"text-5\" value=\"\" placeholder=\"\" id=\"forminator-field-text-5_69e21db246378\" class=\"forminator-input forminator-name--field\" data-required=\"\" \/><\/div><\/div><div id=\"text-4\" class=\"forminator-col forminator-col-6 \"><div class=\"forminator-field\"><label for=\"forminator-field-text-4_69e21db246378\" class=\"forminator-label\">Ki\u015fi Say\u0131s\u0131 Belirtiniz<\/label><input type=\"text\" name=\"text-4\" value=\"\" placeholder=\"\" id=\"forminator-field-text-4_69e21db246378\" class=\"forminator-input forminator-name--field\" data-required=\"\" \/><\/div><\/div><\/div><div class=\"forminator-row\"><div id=\"textarea-1\" class=\"forminator-col forminator-col-12 \"><div class=\"forminator-field\"><label for=\"forminator-field-textarea-1_69e21db246378\" class=\"forminator-label\">Di\u011fer<\/label><textarea name=\"textarea-1\" placeholder=\"\" id=\"forminator-field-textarea-1_69e21db246378\" class=\"forminator-textarea\" rows=\"6\" style=\"min-height:140px;\" ><\/textarea><\/div><\/div><\/div><div class=\"forminator-row\"><div id=\"upload-1\" class=\"forminator-col forminator-col-12 \"><div class=\"forminator-field\"><label for=\"forminator-field-upload-1_69e21db246378\" class=\"forminator-label\">Dosya y\u00fckle<\/label><div class=\"forminator-multi-upload \" data-element=\"upload-1_69e21db246378\"><input type=\"file\" name=\"upload-1[]\" id=\"forminator-field-upload-1_69e21db246378\" class=\"forminator-input-file forminator-field-upload-1_69e21db246378-82\" multiple=\"multiple\" data-method=\"ajax\" data-size=\"8000000\" data-size-message=\"\u0130zin verilen en b\u00fcy\u00fck dosya boyutu 8 MB.\"><div class=\"forminator-multi-upload-message\" aria-hidden=\"true\"><span class=\"forminator-icon-upload\" aria-hidden=\"true\"><\/span><p>S\u00fcr\u00fckle ve B\u0131rak (veya) <a class=\"forminator-upload-file--forminator-field-upload-1_69e21db246378\" href=\"javascript:void(0)\">Dosyalar\u0131 Se\u00e7<\/a><\/p><\/div><\/div><ul class=\"forminator-uploaded-files upload-container-upload-1_69e21db246378\"><\/ul><\/div><\/div><\/div><input type=\"hidden\" name=\"referer_url\" value=\"\" \/><div class=\"forminator-row forminator-row-last\"><div class=\"forminator-col\"><div class=\"forminator-field\"><button class=\"forminator-button forminator-button-submit\">Teklif \u0130ste\u011fi<\/button><\/div><\/div><\/div><input type=\"hidden\" id=\"forminator_nonce\" name=\"forminator_nonce\" value=\"f5b184774c\" \/><input type=\"hidden\" name=\"_wp_http_referer\" value=\"\/index.php?rest_route=%2Fwp%2Fv2%2Fpages%2F1790\" \/><input type=\"hidden\" name=\"form_id\" value=\"82\"><input type=\"hidden\" name=\"page_id\" value=\"1790\"><input type=\"hidden\" name=\"form_type\" value=\"default\"><input type=\"hidden\" name=\"current_url\" value=\"https:\/\/www.enars.com.tr\/?page_id=1790\"><input type=\"hidden\" name=\"render_id\" value=\"0\"><input type=\"hidden\" name=\"forminator-multifile-hidden\" class=\"forminator-multifile-hidden\"><input type=\"hidden\" name=\"action\" value=\"forminator_submit_form_custom-forms\"><\/form><\/div>\n<\/div><\/div>\n\n\n\n<div class=\"wp-block-kadence-tab kt-tab-inner-content kt-inner-tab-3 kt-inner-tab_7dc6b0-ff\"><div class=\"kt-tab-inner-content-inner\"><style id=\"kb-tabs_471a86-cb\">.kt-tabs-id_471a86-cb > .kt-tabs-content-wrap > .wp-block-kadence-tab {border-width:1px 1px 1px 1px;border-color:#bcbcbc;background:#ffffff;}.wp-block-kadence-tabs .kt-tabs-id_471a86-cb > .kt-tabs-title-list li {margin:0px 8px -1px 0px;}.wp-block-kadence-tabs .kt-tabs-id_471a86-cb > .kt-tabs-title-list li .kt-tab-title, .wp-block-kadence-tabs .kt-tabs-id_471a86-cb > .kt-tabs-content-wrap > .kt-tabs-accordion-title .kt-tab-title {font-size:1.1em;line-height:1.4em;border-width:1px 1px 0px 1px ;border-radius:4px 4px 0px 0px ;padding:8px 20px 8px 20px ;border-color:#eeeeee;color:#444444;background:#ffffff;}.wp-block-kadence-tabs .kt-tabs-id_471a86-cb > .kt-tabs-title-list li .kt-tab-title:hover, .wp-block-kadence-tabs .kt-tabs-id_471a86-cb > .kt-tabs-content-wrap > .kt-tabs-accordion-title .kt-tab-title:hover {border-color:#e2e2e2;color:#444444;background:#ffffff;}.wp-block-kadence-tabs .kt-tabs-id_471a86-cb > .kt-tabs-title-list li.kt-tab-title-active .kt-tab-title, .wp-block-kadence-tabs .kt-tabs-id_471a86-cb > .kt-tabs-content-wrap > .kt-tabs-accordion-title.kt-tab-title-active .kt-tab-title  {border-color:#bcbcbc;color:#444444;background:#ffffff;}<\/style>\n<div class=\"wp-block-kadence-tabs alignnone\"><div class=\"kt-tabs-wrap kt-tabs-id_471a86-cb kt-tabs-has-2-tabs kt-active-tab-2 kt-tabs-layout-tabs kt-tabs-tablet-layout-inherit kt-tabs-mobile-layout-inherit kt-tab-alignment-left \" style=\"max-width:none\"><ul class=\"kt-tabs-title-list\"><li id=\"tab-e-mail\" class=\"kt-title-item kt-title-item-1 kt-tabs-svg-show-always kt-tabs-icon-side-right kt-tab-title-inactive\"><a href=\"#tab-e-mail\" data-tab=\"1\" class=\"kt-tab-title kt-tab-title-1 \"><span class=\"kt-title-text\">E-mail<\/span><\/a><\/li><li id=\"tab-adresimiz\" class=\"kt-title-item kt-title-item-2 kt-tabs-svg-show-always kt-tabs-icon-side-right kt-tab-title-active\"><a href=\"#tab-adresimiz\" data-tab=\"2\" class=\"kt-tab-title kt-tab-title-2 \"><span class=\"kt-title-text\">Adresimiz<\/span><\/a><\/li><\/ul><div class=\"kt-tabs-content-wrap\">\n<div class=\"wp-block-kadence-tab kt-tab-inner-content kt-inner-tab-1 kt-inner-tab_aba64e-25\"><div class=\"kt-tab-inner-content-inner\">\n<div class=\"forminator-guttenberg\"><div class=\"forminator-ui forminator-custom-form forminator-custom-form-1454 forminator-design--material  forminator_ajax\" data-forminator-render=\"0\" data-form=\"forminator-module-1454\" data-uid=\"69e21db27b30d\"><br\/><\/div><form\n\t\t\t\tid=\"forminator-module-1454\"\n\t\t\t\tclass=\"forminator-ui forminator-custom-form forminator-custom-form-1454 forminator-design--material  forminator_ajax\"\n\t\t\t\tmethod=\"post\"\n\t\t\t\tdata-forminator-render=\"0\"\n\t\t\t\tdata-form-id=\"1454\"\n\t\t\t\t\n\t\t\t\tdata-design=\"material\"\n\t\t\t\t\n\t\t\t\t\n\t\t\t\t\n\t\t\t\tdata-grid=\"open\"\n\t\t\t\t\n\t\t\t\t\n\t\t\t\tstyle=\"display: none;\"\n\t\t\t\t\n\t\t\t\tdata-uid=\"69e21db27b30d\"\n\t\t\t><div class=\"forminator-response-message forminator-error\" aria-hidden=\"true\"><\/div><div class=\"forminator-row\"><div id=\"name-1\" class=\"forminator-col forminator-col-12 \"><div class=\"forminator-field\"><label for=\"forminator-field-name-1_69e21db27b30d\" class=\"forminator-label\">Firma \/ Kurum ad\u0131 giriniz <span class=\"forminator-required\">*<\/span><\/label><input type=\"text\" name=\"name-1\" value=\"\" placeholder=\"\" id=\"forminator-field-name-1_69e21db27b30d\" class=\"forminator-input forminator-name--field\" aria-required=\"true\" \/><\/div><\/div><\/div><div class=\"forminator-row\"><div id=\"email-1\" class=\"forminator-col forminator-col-12 \"><div class=\"forminator-field\"><label for=\"forminator-field-email-1_69e21db27b30d\" class=\"forminator-label\">E-posta Adresi <span class=\"forminator-required\">*<\/span><\/label><input type=\"email\" name=\"email-1\" value=\"\" placeholder=\"\" id=\"forminator-field-email-1_69e21db27b30d\" class=\"forminator-input forminator-email--field\" data-required=\"true\" aria-required=\"true\" \/><\/div><\/div><\/div><div class=\"forminator-row\"><div id=\"phone-1\" class=\"forminator-col forminator-col-12 \"><div class=\"forminator-field\"><label for=\"forminator-field-phone-1_69e21db27b30d\" class=\"forminator-label\">Telefon Numaras\u0131 <span class=\"forminator-required\">*<\/span><\/label><input type=\"text\" name=\"phone-1\" value=\"\" placeholder=\"\" id=\"forminator-field-phone-1_69e21db27b30d\" class=\"forminator-input forminator-field--phone\" data-required=\"1\" aria-required=\"true\" autocomplete=\"off\" \/><\/div><\/div><\/div><div class=\"forminator-row\"><div id=\"textarea-1\" class=\"forminator-col forminator-col-12 \"><div class=\"forminator-field\"><label for=\"forminator-field-textarea-1_69e21db27b30d\" class=\"forminator-label\">Mesaj<\/label><textarea name=\"textarea-1\" placeholder=\"Mesaj\u0131n\u0131z\u0131 giriniz...\" id=\"forminator-field-textarea-1_69e21db27b30d\" class=\"forminator-textarea\" rows=\"6\" style=\"min-height:140px;\" maxlength=\"180\" ><\/textarea><span class=\"forminator-description\"><span data-limit=\"180\" data-type=\"characters\">0 \/ 180<\/span><\/span><\/div><\/div><\/div><div class=\"forminator-row\"><div id=\"captcha-1\" class=\"forminator-col forminator-col-12 \"><div class=\"forminator-g-recaptcha recaptcha-invisible\" data-theme=\"light\" data-badge=\"bottomright\" data-sitekey=\"6LdYxQ8fAAAAAB5HvS-DrrDusbdCTn9s4Ua6_Oaw\" data-size=\"invisible\"><\/div> <\/div><\/div><input type=\"hidden\" name=\"referer_url\" value=\"\" \/><div class=\"forminator-row forminator-row-last\"><div class=\"forminator-col\"><div class=\"forminator-field\"><button class=\"forminator-button forminator-button-submit\"><span>Mesaj G&ouml;nder<\/span><span aria-hidden=\"true\"><\/span><\/button><\/div><\/div><\/div><input type=\"hidden\" id=\"forminator_nonce\" name=\"forminator_nonce\" value=\"f5b184774c\" \/><input type=\"hidden\" name=\"_wp_http_referer\" value=\"\/index.php?rest_route=%2Fwp%2Fv2%2Fpages%2F1790\" \/><input type=\"hidden\" name=\"form_id\" value=\"1454\"><input type=\"hidden\" name=\"page_id\" value=\"1790\"><input type=\"hidden\" name=\"form_type\" value=\"default\"><input type=\"hidden\" name=\"current_url\" value=\"https:\/\/www.enars.com.tr\/?page_id=1790\"><input type=\"hidden\" name=\"render_id\" value=\"0\"><input type=\"hidden\" name=\"action\" value=\"forminator_submit_form_custom-forms\"><\/form><\/div>\n<\/div><\/div>\n\n\n\n<div class=\"wp-block-kadence-tab kt-tab-inner-content kt-inner-tab-2 kt-inner-tab_548520-03\"><div class=\"kt-tab-inner-content-inner\">\n<p>G\u00fcltepe mh.\u00c7i\u011fdem cd. No: 167 Merkezefendi \/DEN\u0130ZL\u0130<\/p>\n\n\n\n<p>0258 265 7635 l 0258 265 72 32<\/p>\n\n\n\n<p><\/p>\n\n\n\n<p><a href=\"mailto:info@enars.com.tr\">info@enars.com.tr<\/a><\/p>\n<\/div><\/div>\n<\/div><\/div><\/div>\n<\/div><\/div>\n<\/div><\/div><\/div>\n","protected":false},"excerpt":{"rendered":"<p>2005 y\u0131l\u0131ndan itibaren Enars End\u00fcstriyel Ar\u0131tma Sistemleri olarak, \u00e7evre dostu ve s\u00fcrd\u00fcr\u00fclebilir \u00e7\u00f6z\u00fcmler sunma misyonuyla sekt\u00f6rdeki lider konumumuzu peki\u015ftirdik. Profesyonel ve uzman kadromuzla, her ge\u00e7en y\u0131l daha b\u00fcy\u00fck projelere imza atarak, her bir projede yenilik\u00e7i teknolojiler kullanarak suyun kalitesini art\u0131rmay\u0131 &hellip; <a href=\"https:\/\/www.enars.com.tr\/?page_id=1790\">Devam\u0131<\/a><\/p>\n","protected":false},"author":1,"featured_media":0,"parent":0,"menu_order":0,"comment_status":"closed","ping_status":"closed","template":"","meta":{"kt_blocks_editor_width":""},"_links":{"self":[{"href":"https:\/\/www.enars.com.tr\/index.php?rest_route=\/wp\/v2\/pages\/1790"}],"collection":[{"href":"https:\/\/www.enars.com.tr\/index.php?rest_route=\/wp\/v2\/pages"}],"about":[{"href":"https:\/\/www.enars.com.tr\/index.php?rest_route=\/wp\/v2\/types\/page"}],"author":[{"embeddable":true,"href":"https:\/\/www.enars.com.tr\/index.php?rest_route=\/wp\/v2\/users\/1"}],"replies":[{"embeddable":true,"href":"https:\/\/www.enars.com.tr\/index.php?rest_route=%2Fwp%2Fv2%2Fcomments&post=1790"}],"version-history":[{"count":7,"href":"https:\/\/www.enars.com.tr\/index.php?rest_route=\/wp\/v2\/pages\/1790\/revisions"}],"predecessor-version":[{"id":2040,"href":"https:\/\/www.enars.com.tr\/index.php?rest_route=\/wp\/v2\/pages\/1790\/revisions\/2040"}],"wp:attachment":[{"href":"https:\/\/www.enars.com.tr\/index.php?rest_route=%2Fwp%2Fv2%2Fmedia&parent=1790"}],"curies":[{"name":"wp","href":"https:\/\/api.w.org\/{rel}","templated":true}]}}