{"id":1593,"date":"2021-04-12T13:32:43","date_gmt":"2021-04-12T13:32:43","guid":{"rendered":"http:\/\/www.enars.com.tr\/?page_id=1593"},"modified":"2025-05-06T11:34:00","modified_gmt":"2025-05-06T11:34:00","slug":"fiziksel-aritma","status":"publish","type":"page","link":"https:\/\/www.enars.com.tr\/?page_id=1593","title":{"rendered":"Fiziksel Ar\u0131tma"},"content":{"rendered":"\n<figure class=\"wp-block-image size-full\"><img loading=\"lazy\" width=\"605\" height=\"519\" src=\"https:\/\/www.enars.com.tr\/wp-content\/uploads\/2025\/03\/fiziksel-aritma.png\" alt=\"\" class=\"wp-image-2013\" srcset=\"https:\/\/www.enars.com.tr\/wp-content\/uploads\/2025\/03\/fiziksel-aritma.png 605w, https:\/\/www.enars.com.tr\/wp-content\/uploads\/2025\/03\/fiziksel-aritma-300x257.png 300w, https:\/\/www.enars.com.tr\/wp-content\/uploads\/2025\/03\/fiziksel-aritma-600x515.png 600w\" sizes=\"(max-width: 605px) 100vw, 605px\" \/><\/figure>\n\n\n\n<pre class=\"wp-block-verse has-white-background-color has-background\" style=\"font-size:15px\">      Fiziksel ar\u0131tma, at\u0131k suyun ilk a\u015famada temizlenmesine yard\u0131mc\u0131 olan, basit fakat son derece etkili bir y\u00f6ntemdir. Bu i\u015flem, genellikle suyun i\u00e7indeki b\u00fcy\u00fck kat\u0131 par\u00e7ac\u0131klar\u0131, tortular\u0131, kumlar\u0131 ve di\u011fer mekanik kirleticileri uzakla\u015ft\u0131rmak i\u00e7in kullan\u0131l\u0131r. Fiziksel ar\u0131tma, kimyasal ya da biyolojik ar\u0131tma s\u00fcre\u00e7lerinden \u00f6nce ger\u00e7ekle\u015ftirilir ve ar\u0131tma s\u00fcrecinin verimlili\u011fini art\u0131rmak i\u00e7in kritik bir ad\u0131md\u0131r.<\/pre>\n\n\n\n<p class=\"has-virtue-primary-light-color has-text-color\" style=\"font-size:15px\"><br>Fiziksel Ar\u0131tman\u0131n Avantajlar\u0131:<\/p>\n\n\n\n<div class=\"wp-container-1 is-vertical wp-block-group\"><style id=\"kb-advancedheading_b6cf89-6e\">#kt-adv-heading_b6cf89-6e, #kt-adv-heading_b6cf89-6e .wp-block-kadence-advancedheading, .wp-block-kadence-advancedheading.kt-adv-heading_b6cf89-6e[data-kb-block=\"kb-adv-heading_b6cf89-6e\"], .kadence-advanced-heading-wrapper .kt-adv-heading_b6cf89-6e[data-kb-block=\"kb-adv-heading_b6cf89-6e\"]{font-size:15px;font-weight:400;letter-spacing:0px;margin-top:0px;margin-right:0px;margin-bottom:0px;margin-left:0px;padding-top:0px;padding-right:0px;padding-bottom:0px;padding-left:0px;}<\/style>\n<h1 class=\"kt-adv-heading_b6cf89-6e wp-block-kadence-advancedheading\" data-kb-block=\"kb-adv-heading_b6cf89-6e\"><br>\u2022 D\u00fc\u015f\u00fck Maliyetli: Fiziksel ar\u0131tma, genellikle d\u00fc\u015f\u00fck maliyetli bir y\u00f6ntemdir ve di\u011fer ar\u0131tma a\u015famalar\u0131na k\u0131yasla daha ekonomik \u00e7\u00f6z\u00fcmler sunar.<\/h1>\n\n\n<style id=\"kb-advancedheading_e13fd1-4b\">#kt-adv-heading_e13fd1-4b, #kt-adv-heading_e13fd1-4b .wp-block-kadence-advancedheading, .wp-block-kadence-advancedheading.kt-adv-heading_e13fd1-4b[data-kb-block=\"kb-adv-heading_e13fd1-4b\"], .kadence-advanced-heading-wrapper .kt-adv-heading_e13fd1-4b[data-kb-block=\"kb-adv-heading_e13fd1-4b\"]{font-size:15px;font-weight:400;letter-spacing:0px;margin-top:0px;margin-right:0px;margin-bottom:0px;margin-left:0px;padding-top:0px;padding-right:0px;padding-bottom:0px;padding-left:0px;}<\/style>\n<h1 class=\"kt-adv-heading_e13fd1-4b wp-block-kadence-advancedheading\" data-kb-block=\"kb-adv-heading_e13fd1-4b\"><br>\u2022 Basit ve Etkili: Kimyasal ya da biyolojik i\u015flemler gerektirmedi\u011finden, fiziksel ar\u0131tma h\u0131zl\u0131 ve pratik bir \u00e7\u00f6z\u00fcmd\u00fcr.<\/h1>\n\n\n<style id=\"kb-advancedheading_18f8b5-0c\">#kt-adv-heading_18f8b5-0c, #kt-adv-heading_18f8b5-0c .wp-block-kadence-advancedheading, .wp-block-kadence-advancedheading.kt-adv-heading_18f8b5-0c[data-kb-block=\"kb-adv-heading_18f8b5-0c\"], .kadence-advanced-heading-wrapper .kt-adv-heading_18f8b5-0c[data-kb-block=\"kb-adv-heading_18f8b5-0c\"]{font-size:15px;font-weight:400;letter-spacing:0px;margin-top:0px;margin-right:0px;margin-bottom:0px;margin-left:0px;padding-top:0px;padding-right:0px;padding-bottom:0px;padding-left:0px;}<\/style>\n<h1 class=\"kt-adv-heading_18f8b5-0c wp-block-kadence-advancedheading\" data-kb-block=\"kb-adv-heading_18f8b5-0c\"><br>\u2022 Su Kalitesini \u0130yile\u015ftirir: Kat\u0131 maddelerin temizlenmesi, sonraki ar\u0131tma a\u015famalar\u0131n\u0131n verimlili\u011fini art\u0131r\u0131r ve suyun kalitesini y\u00fckseltir.<\/h1>\n\n\n<style id=\"kb-advancedheading_dfe81a-61\">#kt-adv-heading_dfe81a-61, #kt-adv-heading_dfe81a-61 .wp-block-kadence-advancedheading, .wp-block-kadence-advancedheading.kt-adv-heading_dfe81a-61[data-kb-block=\"kb-adv-heading_dfe81a-61\"], .kadence-advanced-heading-wrapper .kt-adv-heading_dfe81a-61[data-kb-block=\"kb-adv-heading_dfe81a-61\"]{font-size:15px;font-weight:400;letter-spacing:0px;margin-top:0px;margin-right:0px;margin-bottom:0px;margin-left:0px;padding-top:0px;padding-right:0px;padding-bottom:0px;padding-left:0px;}<\/style>\n<h1 class=\"kt-adv-heading_dfe81a-61 wp-block-kadence-advancedheading\" data-kb-block=\"kb-adv-heading_dfe81a-61\"><br>\u2022 \u00c7evre Dostu: Genellikle \u00e7evreye daha az zarar veren bir ar\u0131tma y\u00f6ntemidir \u00e7\u00fcnk\u00fc kimyasal madde kullan\u0131m\u0131n\u0131 gerektirmez.<\/h1>\n<\/div>\n","protected":false},"excerpt":{"rendered":"<p>Fiziksel ar\u0131tma, at\u0131k suyun ilk a\u015famada temizlenmesine yard\u0131mc\u0131 olan, basit fakat son derece etkili bir y\u00f6ntemdir. Bu i\u015flem, genellikle suyun i\u00e7indeki b\u00fcy\u00fck kat\u0131 par\u00e7ac\u0131klar\u0131, tortular\u0131, kumlar\u0131 ve di\u011fer mekanik kirleticileri uzakla\u015ft\u0131rmak i\u00e7in kullan\u0131l\u0131r. Fiziksel ar\u0131tma, kimyasal ya da biyolojik ar\u0131tma &hellip; <a href=\"https:\/\/www.enars.com.tr\/?page_id=1593\">Devam\u0131<\/a><\/p>\n","protected":false},"author":1,"featured_media":0,"parent":0,"menu_order":0,"comment_status":"closed","ping_status":"closed","template":"","meta":{"kt_blocks_editor_width":""},"_links":{"self":[{"href":"https:\/\/www.enars.com.tr\/index.php?rest_route=\/wp\/v2\/pages\/1593"}],"collection":[{"href":"https:\/\/www.enars.com.tr\/index.php?rest_route=\/wp\/v2\/pages"}],"about":[{"href":"https:\/\/www.enars.com.tr\/index.php?rest_route=\/wp\/v2\/types\/page"}],"author":[{"embeddable":true,"href":"https:\/\/www.enars.com.tr\/index.php?rest_route=\/wp\/v2\/users\/1"}],"replies":[{"embeddable":true,"href":"https:\/\/www.enars.com.tr\/index.php?rest_route=%2Fwp%2Fv2%2Fcomments&post=1593"}],"version-history":[{"count":9,"href":"https:\/\/www.enars.com.tr\/index.php?rest_route=\/wp\/v2\/pages\/1593\/revisions"}],"predecessor-version":[{"id":2175,"href":"https:\/\/www.enars.com.tr\/index.php?rest_route=\/wp\/v2\/pages\/1593\/revisions\/2175"}],"wp:attachment":[{"href":"https:\/\/www.enars.com.tr\/index.php?rest_route=%2Fwp%2Fv2%2Fmedia&parent=1593"}],"curies":[{"name":"wp","href":"https:\/\/api.w.org\/{rel}","templated":true}]}}