{"id":1515,"date":"2021-04-12T12:29:21","date_gmt":"2021-04-12T12:29:21","guid":{"rendered":"http:\/\/www.enars.com.tr\/?page_id=1515"},"modified":"2025-05-10T11:14:13","modified_gmt":"2025-05-10T11:14:13","slug":"danismanlik","status":"publish","type":"page","link":"https:\/\/www.enars.com.tr\/?page_id=1515","title":{"rendered":"Dan\u0131\u015fmanl\u0131k"},"content":{"rendered":"<style id=\"kb-tabs_c168ef-66\">.kt-tabs-id_c168ef-66 > .kt-tabs-content-wrap > .wp-block-kadence-tab {border-width:1px 1px 1px 1px;border-color:#bcbcbc;background:#ffffff;}.wp-block-kadence-tabs .kt-tabs-id_c168ef-66 > .kt-tabs-title-list li {margin:0px 8px -1px 0px;}.wp-block-kadence-tabs .kt-tabs-id_c168ef-66 > .kt-tabs-title-list li .kt-tab-title, .wp-block-kadence-tabs .kt-tabs-id_c168ef-66 > .kt-tabs-content-wrap > .kt-tabs-accordion-title .kt-tab-title {font-size:1.1em;line-height:1.4em;border-width:1px 1px 0px 1px ;border-radius:4px 4px 0px 0px ;padding:8px 20px 8px 20px ;border-color:#eeeeee;color:#444444;background:#ffffff;}.wp-block-kadence-tabs .kt-tabs-id_c168ef-66 > .kt-tabs-title-list li .kt-tab-title:hover, .wp-block-kadence-tabs .kt-tabs-id_c168ef-66 > .kt-tabs-content-wrap > .kt-tabs-accordion-title .kt-tab-title:hover {border-color:#e2e2e2;color:#444444;background:#ffffff;}.wp-block-kadence-tabs .kt-tabs-id_c168ef-66 > .kt-tabs-title-list li.kt-tab-title-active .kt-tab-title, .wp-block-kadence-tabs .kt-tabs-id_c168ef-66 > .kt-tabs-content-wrap > .kt-tabs-accordion-title.kt-tab-title-active .kt-tab-title  {border-color:#bcbcbc;color:#444444;background:#ffffff;}<\/style>\n<div class=\"wp-block-kadence-tabs alignnone\"><div class=\"kt-tabs-wrap kt-tabs-id_c168ef-66 kt-tabs-has-2-tabs kt-active-tab-1 kt-tabs-layout-tabs kt-tabs-tablet-layout-inherit kt-tabs-mobile-layout-inherit kt-tab-alignment-left \" style=\"max-width:none\"><ul class=\"kt-tabs-title-list\"><li id=\"tab-artmatesisiiletimdanmanlbr\" class=\"kt-title-item kt-title-item-1 kt-tabs-svg-show-always kt-tabs-icon-side-right kt-tab-title-active\"><a href=\"#tab-artmatesisiiletimdanmanlbr\" data-tab=\"1\" class=\"kt-tab-title kt-tab-title-1 \"><span class=\"kt-title-text\">Ar\u0131tma Tesisi \u0130\u015fletim Dan\u0131\u015fmanl\u0131\u011f\u0131<br><\/span><\/a><\/li><li id=\"tab-evredanmanlbr\" class=\"kt-title-item kt-title-item-2 kt-tabs-svg-show-always kt-tabs-icon-side-right kt-tab-title-inactive\"><a href=\"#tab-evredanmanlbr\" data-tab=\"2\" class=\"kt-tab-title kt-tab-title-2 \"><span class=\"kt-title-text\">\u00c7evre Dan\u0131\u015fmanl\u0131\u011f\u0131<br><\/span><\/a><\/li><\/ul><div class=\"kt-tabs-content-wrap\">\n<div class=\"wp-block-kadence-tab kt-tab-inner-content kt-inner-tab-1 kt-inner-tab_79ef25-6b\"><div class=\"kt-tab-inner-content-inner\">\n<p><strong>Enars End\u00fcstriyel Ar\u0131tma Sistemleri<\/strong>, 2005 y\u0131l\u0131ndan itibaren at\u0131ksu ar\u0131tma tesisleri alan\u0131nda dan\u0131\u015fmanl\u0131k hizmeti sunmaktad\u0131r. Bilimsel, mant\u0131ksal ve yenilik\u00e7i bir yakla\u015f\u0131m benimseyerek, firmalar\u0131n ar\u0131tma s\u00fcre\u00e7lerini en verimli \u015fekilde y\u00f6netmelerine yard\u0131mc\u0131 olmaktad\u0131r.<\/p>\n\n\n<style id=\"kb-advancedbtn_69e2d8-8f\">.kt-btns_69e2d8-8f .kt-btn-wrap-0{margin-right:5px;}.rtl .kt-btns_69e2d8-8f .kt-btn-wrap-0{margin-left:5px;margin-right:0px;}.wp-block-kadence-advancedbtn.kt-btns_69e2d8-8f .kt-btn-wrap-0 .kt-button::before{display:none;}.wp-block-kadence-advancedbtn.kt-btns_69e2d8-8f .kt-btn-wrap-0 .kt-button:hover, .wp-block-kadence-advancedbtn.kt-btns_69e2d8-8f .kt-btn-wrap-0 .kt-button:focus{background:#444444;}<\/style>\n<div class=\"wp-block-kadence-advancedbtn kt-btn-align-center kt-btn-tablet-align-inherit kt-btn-mobile-align-inherit kt-btns-wrap kt-btns_69e2d8-8f kt-force-btn-fullwidth\"><div class=\"kt-btn-wrap kt-btn-wrap-0\"><a class=\"kt-button button kt-btn-0-action kt-btn-size-standard kt-btn-style-basic kt-btn-svg-show-always kt-btn-has-text-true kt-btn-has-svg-false\" href=\"https:\/\/www.enars.com.tr\/?page_id=1516\"><span class=\"kt-btn-inner-text\">Detay<\/span><\/a><\/div><\/div>\n\n\n<style id=\"kb-advancedgallery_28881c-18\">.wp-block-kadence-advancedgallery.kb-gallery-wrap-id-_28881c-18 {margin:0px 0px 0px 0px;}.kb-gallery-id-_28881c-18 .kadence-blocks-gallery-item .kb-gal-image-radius {border-radius: 30px 30px 30px 30px;}<\/style>\n<div class=\"wp-block-kadence-advancedgallery kb-gallery-wrap-id-_28881c-18\"><div class=\"kb-gallery-ul kb-gallery-type-slider kb-gallery-id-_28881c-18 kb-gallery-caption-style-bottom-hover kb-gallery-filter-none\" data-image-filter=\"none\" data-lightbox-caption=\"true\"><div class=\"kt-blocks-carousel kt-carousel-container-dotstyle-outlinedark\"><div class=\"kt-blocks-carousel-init kb-blocks-slider kt-carousel-arrowstyle-whiteondark kt-carousel-dotstyle-outlinedark\" data-slider-anim-speed=\"410\" data-slider-type=\"slider\" data-slider-scroll=\"1\" data-slider-arrows=\"true\" data-slider-dots=\"true\" data-slider-hover-pause=\"false\" data-slider-auto=\"true\" data-slider-speed=\"2530\"><div class=\"kb-slide-item kb-gallery-slide-item\"><div class=\"kadence-blocks-gallery-item\"><div class=\"kadence-blocks-gallery-item-inner\"><figure class=\"kb-gallery-figure kadence-blocks-gallery-item-hide-caption kb-has-image-ratio-land32\"><div class=\"kb-gal-image-radius\"><div class=\"kb-gallery-image-contain kadence-blocks-gallery-intrinsic kb-gallery-image-ratio-land32\"><img loading=\"lazy\" src=\"https:\/\/www.enars.com.tr\/wp-content\/uploads\/2025\/04\/20131224_114733-1024x768.jpg\" width=\"1024\" height=\"768\" data-full-image=\"https:\/\/www.enars.com.tr\/wp-content\/uploads\/2025\/04\/20131224_114733-scaled.jpg\" data-light-image=\"https:\/\/www.enars.com.tr\/wp-content\/uploads\/2025\/04\/20131224_114733-scaled.jpg\" data-id=\"2063\" data-link=\"https:\/\/www.enars.com.tr\/?attachment_id=2063\" data-custom-link=\"\" data-custom-link-target=\"\" data-sponsored=\"\" class=\"wp-image-2063 skip-lazy\" srcset=\"https:\/\/www.enars.com.tr\/wp-content\/uploads\/2025\/04\/20131224_114733-1024x768.jpg 1024w, https:\/\/www.enars.com.tr\/wp-content\/uploads\/2025\/04\/20131224_114733-300x225.jpg 300w, https:\/\/www.enars.com.tr\/wp-content\/uploads\/2025\/04\/20131224_114733-768x576.jpg 768w, https:\/\/www.enars.com.tr\/wp-content\/uploads\/2025\/04\/20131224_114733-1536x1152.jpg 1536w, https:\/\/www.enars.com.tr\/wp-content\/uploads\/2025\/04\/20131224_114733-2048x1536.jpg 2048w, https:\/\/www.enars.com.tr\/wp-content\/uploads\/2025\/04\/20131224_114733-600x450.jpg 600w\" sizes=\"(max-width: 1024px) 100vw, 1024px\" \/><\/div><\/div><\/figure><\/div><\/div><\/div><div class=\"kb-slide-item kb-gallery-slide-item\"><div class=\"kadence-blocks-gallery-item\"><div class=\"kadence-blocks-gallery-item-inner\"><figure class=\"kb-gallery-figure kadence-blocks-gallery-item-hide-caption kb-has-image-ratio-land32\"><div class=\"kb-gal-image-radius\"><div class=\"kb-gallery-image-contain kadence-blocks-gallery-intrinsic kb-gallery-image-ratio-land32\"><img loading=\"lazy\" src=\"https:\/\/www.enars.com.tr\/wp-content\/uploads\/2025\/04\/IMG_20210304_170614-1024x576.jpg\" width=\"1024\" height=\"576\" data-full-image=\"https:\/\/www.enars.com.tr\/wp-content\/uploads\/2025\/04\/IMG_20210304_170614-scaled.jpg\" data-light-image=\"https:\/\/www.enars.com.tr\/wp-content\/uploads\/2025\/04\/IMG_20210304_170614-scaled.jpg\" data-id=\"2065\" data-link=\"https:\/\/www.enars.com.tr\/?attachment_id=2065\" data-custom-link=\"\" data-custom-link-target=\"\" data-sponsored=\"\" class=\"wp-image-2065 skip-lazy\" srcset=\"https:\/\/www.enars.com.tr\/wp-content\/uploads\/2025\/04\/IMG_20210304_170614-1024x576.jpg 1024w, https:\/\/www.enars.com.tr\/wp-content\/uploads\/2025\/04\/IMG_20210304_170614-300x169.jpg 300w, https:\/\/www.enars.com.tr\/wp-content\/uploads\/2025\/04\/IMG_20210304_170614-768x432.jpg 768w, https:\/\/www.enars.com.tr\/wp-content\/uploads\/2025\/04\/IMG_20210304_170614-1536x864.jpg 1536w, https:\/\/www.enars.com.tr\/wp-content\/uploads\/2025\/04\/IMG_20210304_170614-2048x1152.jpg 2048w, https:\/\/www.enars.com.tr\/wp-content\/uploads\/2025\/04\/IMG_20210304_170614-600x338.jpg 600w\" sizes=\"(max-width: 1024px) 100vw, 1024px\" \/><\/div><\/div><\/figure><\/div><\/div><\/div><div class=\"kb-slide-item kb-gallery-slide-item\"><div class=\"kadence-blocks-gallery-item\"><div class=\"kadence-blocks-gallery-item-inner\"><figure class=\"kb-gallery-figure kadence-blocks-gallery-item-hide-caption kb-has-image-ratio-land32\"><div class=\"kb-gal-image-radius\"><div class=\"kb-gallery-image-contain kadence-blocks-gallery-intrinsic kb-gallery-image-ratio-land32\"><img loading=\"lazy\" src=\"https:\/\/www.enars.com.tr\/wp-content\/uploads\/2025\/04\/WP_20131208_15_57_50_Pro-1024x576.jpg\" width=\"1024\" height=\"576\" data-full-image=\"https:\/\/www.enars.com.tr\/wp-content\/uploads\/2025\/04\/WP_20131208_15_57_50_Pro-scaled.jpg\" data-light-image=\"https:\/\/www.enars.com.tr\/wp-content\/uploads\/2025\/04\/WP_20131208_15_57_50_Pro-scaled.jpg\" data-id=\"2066\" data-link=\"https:\/\/www.enars.com.tr\/?attachment_id=2066\" data-custom-link=\"\" data-custom-link-target=\"\" data-sponsored=\"\" class=\"wp-image-2066 skip-lazy\" srcset=\"https:\/\/www.enars.com.tr\/wp-content\/uploads\/2025\/04\/WP_20131208_15_57_50_Pro-1024x576.jpg 1024w, https:\/\/www.enars.com.tr\/wp-content\/uploads\/2025\/04\/WP_20131208_15_57_50_Pro-300x169.jpg 300w, https:\/\/www.enars.com.tr\/wp-content\/uploads\/2025\/04\/WP_20131208_15_57_50_Pro-768x432.jpg 768w, https:\/\/www.enars.com.tr\/wp-content\/uploads\/2025\/04\/WP_20131208_15_57_50_Pro-1536x864.jpg 1536w, https:\/\/www.enars.com.tr\/wp-content\/uploads\/2025\/04\/WP_20131208_15_57_50_Pro-2048x1152.jpg 2048w, https:\/\/www.enars.com.tr\/wp-content\/uploads\/2025\/04\/WP_20131208_15_57_50_Pro-600x338.jpg 600w\" sizes=\"(max-width: 1024px) 100vw, 1024px\" \/><\/div><\/div><\/figure><\/div><\/div><\/div><div class=\"kb-slide-item kb-gallery-slide-item\"><div class=\"kadence-blocks-gallery-item\"><div class=\"kadence-blocks-gallery-item-inner\"><figure class=\"kb-gallery-figure kadence-blocks-gallery-item-hide-caption kb-has-image-ratio-land32\"><div class=\"kb-gal-image-radius\"><div class=\"kb-gallery-image-contain kadence-blocks-gallery-intrinsic kb-gallery-image-ratio-land32\"><img loading=\"lazy\" src=\"https:\/\/www.enars.com.tr\/wp-content\/uploads\/2025\/04\/IMG_20190822_093648-1024x576.jpg\" width=\"1024\" height=\"576\" data-full-image=\"https:\/\/www.enars.com.tr\/wp-content\/uploads\/2025\/04\/IMG_20190822_093648-scaled.jpg\" data-light-image=\"https:\/\/www.enars.com.tr\/wp-content\/uploads\/2025\/04\/IMG_20190822_093648-scaled.jpg\" data-id=\"2067\" data-link=\"https:\/\/www.enars.com.tr\/?attachment_id=2067\" data-custom-link=\"\" data-custom-link-target=\"\" data-sponsored=\"\" class=\"wp-image-2067 skip-lazy\" srcset=\"https:\/\/www.enars.com.tr\/wp-content\/uploads\/2025\/04\/IMG_20190822_093648-1024x576.jpg 1024w, https:\/\/www.enars.com.tr\/wp-content\/uploads\/2025\/04\/IMG_20190822_093648-300x169.jpg 300w, https:\/\/www.enars.com.tr\/wp-content\/uploads\/2025\/04\/IMG_20190822_093648-768x432.jpg 768w, https:\/\/www.enars.com.tr\/wp-content\/uploads\/2025\/04\/IMG_20190822_093648-1536x864.jpg 1536w, https:\/\/www.enars.com.tr\/wp-content\/uploads\/2025\/04\/IMG_20190822_093648-2048x1152.jpg 2048w, https:\/\/www.enars.com.tr\/wp-content\/uploads\/2025\/04\/IMG_20190822_093648-600x338.jpg 600w\" sizes=\"(max-width: 1024px) 100vw, 1024px\" \/><\/div><\/div><\/figure><\/div><\/div><\/div><\/div><\/div><\/div><\/div>\n<\/div><\/div>\n\n\n\n<div class=\"wp-block-kadence-tab kt-tab-inner-content kt-inner-tab-2 kt-inner-tab_ccf284-0d\"><div class=\"kt-tab-inner-content-inner\">\n<p><strong>\u00a0Enars End\u00fcstriyel Ar\u0131tma Sistemleri<\/strong>\u00a0olarak, \u00e7evre dostu \u00e7\u00f6z\u00fcmler geli\u015ftirmek ve i\u015fletmelerin \u00e7evre mevzuatlar\u0131na uyum sa\u011flamalar\u0131n\u0131 sa\u011flamak i\u00e7in kapsaml\u0131 \u00e7evre dan\u0131\u015fmanl\u0131\u011f\u0131 hizmetleri sunmaktay\u0131z. \u00c7evre koruma, at\u0131ksu y\u00f6netimi, hava kalitesi, at\u0131k y\u00f6netimi gibi alanlarda uzman ekibimizle, \u00e7evresel etkiyi minimize etmek ve s\u00fcrd\u00fcr\u00fclebilir bir i\u015fleyi\u015f sa\u011flamak amac\u0131yla firmalar\u0131m\u0131za dan\u0131\u015fmanl\u0131k hizmeti vermekteyiz.<\/p>\n\n\n<style id=\"kb-advancedbtn_21cf23-a8\">.kt-btns_21cf23-a8 .kt-btn-wrap-0{margin-right:5px;}.rtl .kt-btns_21cf23-a8 .kt-btn-wrap-0{margin-left:5px;margin-right:0px;}.wp-block-kadence-advancedbtn.kt-btns_21cf23-a8 .kt-btn-wrap-0 .kt-button{color:#555555;border-color:#555555;}.wp-block-kadence-advancedbtn.kt-btns_21cf23-a8 .kt-btn-wrap-0 .kt-button:hover, .wp-block-kadence-advancedbtn.kt-btns_21cf23-a8 .kt-btn-wrap-0 .kt-button:focus{color:#ffffff;border-color:#444444;}.wp-block-kadence-advancedbtn.kt-btns_21cf23-a8 .kt-btn-wrap-0 .kt-button::before{display:none;}.wp-block-kadence-advancedbtn.kt-btns_21cf23-a8 .kt-btn-wrap-0 .kt-button:hover, .wp-block-kadence-advancedbtn.kt-btns_21cf23-a8 .kt-btn-wrap-0 .kt-button:focus{background:#444444;}<\/style>\n<div class=\"wp-block-kadence-advancedbtn kt-btn-align-center kt-btn-tablet-align-inherit kt-btn-mobile-align-inherit kt-btns-wrap kt-btns_21cf23-a8 kt-force-btn-fullwidth\"><div class=\"kt-btn-wrap kt-btn-wrap-0\"><a class=\"kt-button button kt-btn-0-action kt-btn-size-standard kt-btn-style-basic kt-btn-svg-show-always kt-btn-has-text-true kt-btn-has-svg-false\" href=\"https:\/\/www.enars.com.tr\/?page_id=1517\"><span class=\"kt-btn-inner-text\">Detay<\/span><\/a><\/div><\/div>\n<\/div><\/div>\n<\/div><\/div><\/div>\n","protected":false},"excerpt":{"rendered":"","protected":false},"author":1,"featured_media":0,"parent":0,"menu_order":0,"comment_status":"closed","ping_status":"closed","template":"","meta":{"kt_blocks_editor_width":""},"_links":{"self":[{"href":"https:\/\/www.enars.com.tr\/index.php?rest_route=\/wp\/v2\/pages\/1515"}],"collection":[{"href":"https:\/\/www.enars.com.tr\/index.php?rest_route=\/wp\/v2\/pages"}],"about":[{"href":"https:\/\/www.enars.com.tr\/index.php?rest_route=\/wp\/v2\/types\/page"}],"author":[{"embeddable":true,"href":"https:\/\/www.enars.com.tr\/index.php?rest_route=\/wp\/v2\/users\/1"}],"replies":[{"embeddable":true,"href":"https:\/\/www.enars.com.tr\/index.php?rest_route=%2Fwp%2Fv2%2Fcomments&post=1515"}],"version-history":[{"count":4,"href":"https:\/\/www.enars.com.tr\/index.php?rest_route=\/wp\/v2\/pages\/1515\/revisions"}],"predecessor-version":[{"id":2206,"href":"https:\/\/www.enars.com.tr\/index.php?rest_route=\/wp\/v2\/pages\/1515\/revisions\/2206"}],"wp:attachment":[{"href":"https:\/\/www.enars.com.tr\/index.php?rest_route=%2Fwp%2Fv2%2Fmedia&parent=1515"}],"curies":[{"name":"wp","href":"https:\/\/api.w.org\/{rel}","templated":true}]}}